{"version":"1.0","provider_name":"UBCR","provider_url":"https:\/\/ubcr.be\/ubcrubcr","author_name":"UBCR","author_url":"https:\/\/ubcr.be\/ubcrubcr\/author\/ubcrbelubcr\/","title":"R\u00e9flexion : Les chasseurs seuls responsables\u00a0?... A voir\u00a0! - UBCR","type":"rich","width":600,"height":338,"html":"<blockquote class=\"wp-embedded-content\" data-secret=\"Rc63AZsRwv\"><a href=\"https:\/\/ubcr.be\/ubcrubcr\/reflexion-les-chasseurs-seuls-responsables-a-voir\/\">R\u00e9flexion : Les chasseurs seuls responsables\u00a0?&#8230; A voir\u00a0!<\/a><\/blockquote><iframe sandbox=\"allow-scripts\" security=\"restricted\" src=\"https:\/\/ubcr.be\/ubcrubcr\/reflexion-les-chasseurs-seuls-responsables-a-voir\/embed\/#?secret=Rc63AZsRwv\" width=\"600\" height=\"338\" title=\"\u00ab\u00a0R\u00e9flexion : Les chasseurs seuls responsables\u00a0?&#8230; A voir\u00a0!\u00a0\u00bb &#8212; UBCR\" data-secret=\"Rc63AZsRwv\" frameborder=\"0\" marginwidth=\"0\" marginheight=\"0\" scrolling=\"no\" class=\"wp-embedded-content\"><\/iframe><script>\n\/*! This file is auto-generated *\/\n!function(d,l){\"use strict\";l.querySelector&&d.addEventListener&&\"undefined\"!=typeof URL&&(d.wp=d.wp||{},d.wp.receiveEmbedMessage||(d.wp.receiveEmbedMessage=function(e){var t=e.data;if((t||t.secret||t.message||t.value)&&!\/[^a-zA-Z0-9]\/.test(t.secret)){for(var s,r,n,a=l.querySelectorAll('iframe[data-secret=\"'+t.secret+'\"]'),o=l.querySelectorAll('blockquote[data-secret=\"'+t.secret+'\"]'),c=new RegExp(\"^https?:$\",\"i\"),i=0;i<o.length;i++)o[i].style.display=\"none\";for(i=0;i<a.length;i++)s=a[i],e.source===s.contentWindow&&(s.removeAttribute(\"style\"),\"height\"===t.message?(1e3<(r=parseInt(t.value,10))?r=1e3:~~r<200&&(r=200),s.height=r):\"link\"===t.message&&(r=new URL(s.getAttribute(\"src\")),n=new URL(t.value),c.test(n.protocol))&&n.host===r.host&&l.activeElement===s&&(d.top.location.href=t.value))}},d.addEventListener(\"message\",d.wp.receiveEmbedMessage,!1),l.addEventListener(\"DOMContentLoaded\",function(){for(var e,t,s=l.querySelectorAll(\"iframe.wp-embedded-content\"),r=0;r<s.length;r++)(t=(e=s[r]).getAttribute(\"data-secret\"))||(t=Math.random().toString(36).substring(2,12),e.src+=\"#?secret=\"+t,e.setAttribute(\"data-secret\",t)),e.contentWindow.postMessage({message:\"ready\",secret:t},\"*\")},!1)))}(window,document);\n\/\/# sourceURL=https:\/\/ubcr.be\/ubcrubcr\/wp-includes\/js\/wp-embed.min.js\n<\/script>\n","description":"Les adversaires de la chasse imputent la responsabilit\u00e9 de l\u2019augmentation de la population des sangliers aux chasseurs et aux d\u00e9rives de leur gestion. Et pourtant\u2026 Physiologiquement la laie met bas en janvier-f\u00e9vrier. Connaissant la sensibilit\u00e9 des marcassins au froid, quand les hivers \u00e9taient rudes, les premi\u00e8res nich\u00e9es \u00e9taient souvent d\u00e9cim\u00e9es. D\u2019o\u00f9 une r\u00e9gulation naturelle des [&hellip;]"}

Réflexion : Les chasseurs seuls responsables ?... A voir ! - UBCR

<blockquote class="wp-embedded-content" data-secret="Rc63AZsRwv"><a href="https://ubcr.be/ubcrubcr/reflexion-les-chasseurs-seuls-responsables-a-voir/">Réflexion : Les chasseurs seuls responsables ?&#8230; A voir !</a></blockquote><iframe sandbox="allow-scripts" security="restricted" src="https://ubcr.be/ubcrubcr/reflexion-les-chasseurs-seuls-responsables-a-voir/embed/#?secret=Rc63AZsRwv" width="600" height="338" title="« Réflexion : Les chasseurs seuls responsables ?&#8230; A voir ! » &#8212; UBCR" data-secret="Rc63AZsRwv" frameborder="0" marginwidth="0" marginheight="0" scrolling="no" class="wp-embedded-content"></iframe><script>
/*! This file is auto-generated */
!function(d,l){"use strict";l.querySelector&&d.addEventListener&&"undefined"!=typeof URL&&(d.wp=d.wp||{},d.wp.receiveEmbedMessage||(d.wp.receiveEmbedMessage=function(e){var t=e.data;if((t||t.secret||t.message||t.value)&&!/[^a-zA-Z0-9]/.test(t.secret)){for(var s,r,n,a=l.querySelectorAll('iframe[data-secret="'+t.secret+'"]'),o=l.querySelectorAll('blockquote[data-secret="'+t.secret+'"]'),c=new RegExp("^https?:$","i"),i=0;i<o.length;i++)o[i].style.display="none";for(i=0;i<a.length;i++)s=a[i],e.source===s.contentWindow&&(s.removeAttribute("style"),"height"===t.message?(1e3<(r=parseInt(t.value,10))?r=1e3:~~r<200&&(r=200),s.height=r):"link"===t.message&&(r=new URL(s.getAttribute("src")),n=new URL(t.value),c.test(n.protocol))&&n.host===r.host&&l.activeElement===s&&(d.top.location.href=t.value))}},d.addEventListener("message",d.wp.receiveEmbedMessage,!1),l.addEventListener("DOMContentLoaded",function(){for(var e,t,s=l.querySelectorAll("iframe.wp-embedded-content"),r=0;r<s.length;r++)(t=(e=s[r]).getAttribute("data-secret"))||(t=Math.random().toString(36).substring(2,12),e.src+="#?secret="+t,e.setAttribute("data-secret",t)),e.contentWindow.postMessage({message:"ready",secret:t},"*")},!1)))}(window,document);
//# sourceURL=https://ubcr.be/ubcrubcr/wp-includes/js/wp-embed.min.js
</script>

Les adversaires de la chasse imputent la responsabilité de l’augmentation de la population des sangliers aux chasseurs et aux dérives de leur gestion. Et pourtant… Physiologiquement la laie met bas en janvier-février. Connaissant la sensibilité des marcassins au froid, quand les hivers étaient rudes, les premières nichées étaient souvent décimées. D’où une régulation naturelle des [&hellip;]
